{"id":48019,"date":"2026-02-10T10:52:10","date_gmt":"2026-02-10T08:52:10","guid":{"rendered":"https:\/\/shakesnack.lt\/vilnius-moletu\/?post_type=product&#038;p=48019"},"modified":"2026-02-10T10:52:30","modified_gmt":"2026-02-10T08:52:30","slug":"vilkmerges-vysniu-041l-5-0","status":"publish","type":"product","link":"https:\/\/shakesnack.lt\/vilnius-moletu\/p\/vilkmerges-vysniu-041l-5-0\/","title":{"rendered":"Vilkmerg\u0117s vy\u0161ni\u0173 0,41L (5.0%)"},"content":{"rendered":"","protected":false},"excerpt":{"rendered":"","protected":false},"featured_media":48049,"template":"","meta":{"inline_featured_image":false},"product_cat":[42,204],"product_tag":[120],"class_list":{"0":"post-48019","1":"product","2":"type-product","3":"status-publish","4":"has-post-thumbnail","6":"product_cat-gerimai","7":"product_cat-alus-ir-sidras","8":"product_tag-yra-alkoholio","10":"first","11":"outofstock","12":"taxable","13":"shipping-taxable","14":"purchasable","15":"product-type-simple"},"acf":[],"aioseo_notices":[],"_links":{"self":[{"href":"https:\/\/shakesnack.lt\/vilnius-moletu\/wp-json\/wp\/v2\/product\/48019"}],"collection":[{"href":"https:\/\/shakesnack.lt\/vilnius-moletu\/wp-json\/wp\/v2\/product"}],"about":[{"href":"https:\/\/shakesnack.lt\/vilnius-moletu\/wp-json\/wp\/v2\/types\/product"}],"wp:featuredmedia":[{"embeddable":true,"href":"https:\/\/shakesnack.lt\/vilnius-moletu\/wp-json\/wp\/v2\/media\/48049"}],"wp:attachment":[{"href":"https:\/\/shakesnack.lt\/vilnius-moletu\/wp-json\/wp\/v2\/media?parent=48019"}],"wp:term":[{"taxonomy":"product_cat","embeddable":true,"href":"https:\/\/shakesnack.lt\/vilnius-moletu\/wp-json\/wp\/v2\/product_cat?post=48019"},{"taxonomy":"product_tag","embeddable":true,"href":"https:\/\/shakesnack.lt\/vilnius-moletu\/wp-json\/wp\/v2\/product_tag?post=48019"}],"curies":[{"name":"wp","href":"https:\/\/api.w.org\/{rel}","templated":true}]}}