{"id":47985,"date":"2026-02-10T10:51:38","date_gmt":"2026-02-10T08:51:38","guid":{"rendered":"https:\/\/shakesnack.lt\/vilnius-moletu\/?post_type=product&#038;p=47985"},"modified":"2026-02-10T10:52:04","modified_gmt":"2026-02-10T08:52:04","slug":"poke-bowl-su-krevetemis","status":"publish","type":"product","link":"https:\/\/shakesnack.lt\/vilnius-moletu\/p\/poke-bowl-su-krevetemis\/","title":{"rendered":"Poke Bowl su krevet\u0117mis"},"content":{"rendered":"","protected":false},"excerpt":{"rendered":"<p>Virtos tigrin\u0117s krevet\u0117s, avokadas, Edamame pupel\u0117s, Wakame salotos, su kokos\u0173 pienu marinuotos morkos, m\u0117lynieji kop\u016bstai, mang\u0173 pada\u017eas, aitrus pada\u017eas, sezamas, migdol\u0173 riekel\u0117s, sojos pada\u017eas.<br \/>\nPOKE skaniname \u010desnako \u017ealuma. Jeigu nem\u0117gstate, informuokite.<\/p>\n","protected":false},"featured_media":48014,"template":"","meta":{"inline_featured_image":false},"product_cat":[39],"product_tag":[],"class_list":{"0":"post-47985","1":"product","2":"type-product","3":"status-publish","4":"has-post-thumbnail","6":"product_cat-pokes-dubenys-ir-salotos","8":"first","9":"instock","10":"taxable","11":"shipping-taxable","12":"purchasable","13":"product-type-simple"},"acf":[],"aioseo_notices":[],"_links":{"self":[{"href":"https:\/\/shakesnack.lt\/vilnius-moletu\/wp-json\/wp\/v2\/product\/47985"}],"collection":[{"href":"https:\/\/shakesnack.lt\/vilnius-moletu\/wp-json\/wp\/v2\/product"}],"about":[{"href":"https:\/\/shakesnack.lt\/vilnius-moletu\/wp-json\/wp\/v2\/types\/product"}],"wp:featuredmedia":[{"embeddable":true,"href":"https:\/\/shakesnack.lt\/vilnius-moletu\/wp-json\/wp\/v2\/media\/48014"}],"wp:attachment":[{"href":"https:\/\/shakesnack.lt\/vilnius-moletu\/wp-json\/wp\/v2\/media?parent=47985"}],"wp:term":[{"taxonomy":"product_cat","embeddable":true,"href":"https:\/\/shakesnack.lt\/vilnius-moletu\/wp-json\/wp\/v2\/product_cat?post=47985"},{"taxonomy":"product_tag","embeddable":true,"href":"https:\/\/shakesnack.lt\/vilnius-moletu\/wp-json\/wp\/v2\/product_tag?post=47985"}],"curies":[{"name":"wp","href":"https:\/\/api.w.org\/{rel}","templated":true}]}}