{"id":718,"date":"2021-02-25T17:39:05","date_gmt":"2021-02-25T15:39:05","guid":{"rendered":"https:\/\/shakesnack.lt\/vilnius-gedimino\/p\/import-placeholder-for-771\/"},"modified":"2022-09-01T13:50:28","modified_gmt":"2022-09-01T10:50:28","slug":"glendalough-double-barrel-0-7l-42","status":"publish","type":"product","link":"https:\/\/shakesnack.lt\/vilnius-gedimino\/p\/glendalough-double-barrel-0-7l-42\/","title":{"rendered":"GLENDALOUGH DOUBLE BARREL 0.7L (42%)"},"content":{"rendered":"","protected":false},"excerpt":{"rendered":"<p><strong><em>Airija<\/em><\/strong><\/p>\n<p><em>\u0160velnus, saldus ir neabejotinai sodrus \u2013 medus, vy\u0161nios, d\u017eiovinti vaisiai. Praturtintas citrin\u017eole, muskatu, imbieru.<\/em><\/p>\n","protected":false},"featured_media":744,"template":"","meta":{"inline_featured_image":false},"product_cat":[172,173,183],"product_tag":[155],"class_list":{"0":"post-718","1":"product","2":"type-product","3":"status-publish","4":"has-post-thumbnail","6":"product_cat-nealkoholiniai-ir-alkoholiniai-gerimai","7":"product_cat-alkoholis-nealkoholiniai-ir-alkoholiniai-gerimai","8":"product_cat-viskis-alkoholis-nealkoholiniai-ir-alkoholiniai-gerimai","9":"product_tag-yra-alkoholio","11":"first","12":"outofstock","13":"taxable","14":"shipping-taxable","15":"product-type-simple"},"acf":[],"aioseo_notices":[],"_links":{"self":[{"href":"https:\/\/shakesnack.lt\/vilnius-gedimino\/wp-json\/wp\/v2\/product\/718"}],"collection":[{"href":"https:\/\/shakesnack.lt\/vilnius-gedimino\/wp-json\/wp\/v2\/product"}],"about":[{"href":"https:\/\/shakesnack.lt\/vilnius-gedimino\/wp-json\/wp\/v2\/types\/product"}],"wp:featuredmedia":[{"embeddable":true,"href":"https:\/\/shakesnack.lt\/vilnius-gedimino\/wp-json\/wp\/v2\/media\/744"}],"wp:attachment":[{"href":"https:\/\/shakesnack.lt\/vilnius-gedimino\/wp-json\/wp\/v2\/media?parent=718"}],"wp:term":[{"taxonomy":"product_cat","embeddable":true,"href":"https:\/\/shakesnack.lt\/vilnius-gedimino\/wp-json\/wp\/v2\/product_cat?post=718"},{"taxonomy":"product_tag","embeddable":true,"href":"https:\/\/shakesnack.lt\/vilnius-gedimino\/wp-json\/wp\/v2\/product_tag?post=718"}],"curies":[{"name":"wp","href":"https:\/\/api.w.org\/{rel}","templated":true}]}}