{"id":666,"date":"2021-02-25T17:38:51","date_gmt":"2021-02-25T15:38:51","guid":{"rendered":"https:\/\/shakesnack.lt\/vilnius-gedimino\/p\/import-placeholder-for-715\/"},"modified":"2022-09-01T13:46:12","modified_gmt":"2022-09-01T10:46:12","slug":"chateau-ste-michelle-gewurztraminer-0-75l-p-saldus-12","status":"publish","type":"product","link":"https:\/\/shakesnack.lt\/vilnius-gedimino\/p\/chateau-ste-michelle-gewurztraminer-0-75l-p-saldus-12\/","title":{"rendered":"CHATEAU STE MICHELLE GEWURZTRAMINER 0.75L (p. saldus, 12%)"},"content":{"rendered":"","protected":false},"excerpt":{"rendered":"<p><strong><em>JAV, Va\u0161ingtono valstija, Kolumbija. <\/em><\/strong><em>Gewurztraminer <\/em><em>(p. saldus, 12%)\u00a0 <\/em><em>\u00a0 <\/em><\/p>\n<p><em>Dominuojantis ro\u017ei\u0173 \u017eiedlapi\u0173, citrusini\u0173 vaisi\u0173 aromatas. Burnoje subalansuotas ir minerali\u0161kas.\u00a0\u00a0\u00a0\u00a0\u00a0\u00a0\u00a0\u00a0\u00a0\u00a0 <\/em><\/p>\n","protected":false},"featured_media":695,"template":"","meta":{"inline_featured_image":false},"product_cat":[172,173,179],"product_tag":[155],"class_list":{"0":"post-666","1":"product","2":"type-product","3":"status-publish","4":"has-post-thumbnail","6":"product_cat-nealkoholiniai-ir-alkoholiniai-gerimai","7":"product_cat-alkoholis-nealkoholiniai-ir-alkoholiniai-gerimai","8":"product_cat-vynai-baltieji-alkoholis-nealkoholiniai-ir-alkoholiniai-gerimai","9":"product_tag-yra-alkoholio","11":"first","12":"outofstock","13":"taxable","14":"shipping-taxable","15":"product-type-simple"},"acf":[],"aioseo_notices":[],"_links":{"self":[{"href":"https:\/\/shakesnack.lt\/vilnius-gedimino\/wp-json\/wp\/v2\/product\/666"}],"collection":[{"href":"https:\/\/shakesnack.lt\/vilnius-gedimino\/wp-json\/wp\/v2\/product"}],"about":[{"href":"https:\/\/shakesnack.lt\/vilnius-gedimino\/wp-json\/wp\/v2\/types\/product"}],"wp:featuredmedia":[{"embeddable":true,"href":"https:\/\/shakesnack.lt\/vilnius-gedimino\/wp-json\/wp\/v2\/media\/695"}],"wp:attachment":[{"href":"https:\/\/shakesnack.lt\/vilnius-gedimino\/wp-json\/wp\/v2\/media?parent=666"}],"wp:term":[{"taxonomy":"product_cat","embeddable":true,"href":"https:\/\/shakesnack.lt\/vilnius-gedimino\/wp-json\/wp\/v2\/product_cat?post=666"},{"taxonomy":"product_tag","embeddable":true,"href":"https:\/\/shakesnack.lt\/vilnius-gedimino\/wp-json\/wp\/v2\/product_tag?post=666"}],"curies":[{"name":"wp","href":"https:\/\/api.w.org\/{rel}","templated":true}]}}