{"id":1442,"date":"2021-06-02T11:09:39","date_gmt":"2021-06-02T08:09:39","guid":{"rendered":"https:\/\/shakesnack.lt\/vilnius-gedimino\/?post_type=product&#038;p=1442"},"modified":"2022-09-01T13:56:13","modified_gmt":"2022-09-01T10:56:13","slug":"kitsuen-sake-yaki-8-vnt","status":"publish","type":"product","link":"https:\/\/shakesnack.lt\/vilnius-gedimino\/p\/kitsuen-sake-yaki-8-vnt\/","title":{"rendered":"Kitsuen Sake Yaki 8 vnt."},"content":{"rendered":"","protected":false},"excerpt":{"rendered":"<p>R\u016bkyta la\u0161i\u0161a, avokadas, sald\u017eioji paprika, pavasariniai svog\u016bnai, s\u016brio kremas, aitrus pada\u017eas<\/p>\n","protected":false},"featured_media":1621,"template":"","meta":{"inline_featured_image":false},"product_cat":[188,87,84,89,92],"product_tag":[],"class_list":{"0":"post-1442","1":"product","2":"type-product","3":"status-publish","4":"has-post-thumbnail","6":"product_cat-su-avokadu","7":"product_cat-aitrus","8":"product_cat-su-lasisa","9":"product_cat-su-suriu","10":"product_cat-kepti","12":"first","13":"instock","14":"taxable","15":"shipping-taxable","16":"product-type-simple"},"acf":[],"aioseo_notices":[],"_links":{"self":[{"href":"https:\/\/shakesnack.lt\/vilnius-gedimino\/wp-json\/wp\/v2\/product\/1442"}],"collection":[{"href":"https:\/\/shakesnack.lt\/vilnius-gedimino\/wp-json\/wp\/v2\/product"}],"about":[{"href":"https:\/\/shakesnack.lt\/vilnius-gedimino\/wp-json\/wp\/v2\/types\/product"}],"wp:featuredmedia":[{"embeddable":true,"href":"https:\/\/shakesnack.lt\/vilnius-gedimino\/wp-json\/wp\/v2\/media\/1621"}],"wp:attachment":[{"href":"https:\/\/shakesnack.lt\/vilnius-gedimino\/wp-json\/wp\/v2\/media?parent=1442"}],"wp:term":[{"taxonomy":"product_cat","embeddable":true,"href":"https:\/\/shakesnack.lt\/vilnius-gedimino\/wp-json\/wp\/v2\/product_cat?post=1442"},{"taxonomy":"product_tag","embeddable":true,"href":"https:\/\/shakesnack.lt\/vilnius-gedimino\/wp-json\/wp\/v2\/product_tag?post=1442"}],"curies":[{"name":"wp","href":"https:\/\/api.w.org\/{rel}","templated":true}]}}