{"id":32322,"date":"2024-08-19T17:38:37","date_gmt":"2024-08-19T14:38:37","guid":{"rendered":"https:\/\/shakesnack.lt\/vilnius-antakalnio\/?post_type=product&#038;p=32322"},"modified":"2026-02-07T15:53:24","modified_gmt":"2026-02-07T13:53:24","slug":"p4-padeklas-4-5-asmenims-40-vnt","status":"publish","type":"product","link":"https:\/\/shakesnack.lt\/vilnius-antakalnio\/p\/p4-padeklas-4-5-asmenims-40-vnt\/","title":{"rendered":"P4. Pad\u0117klas 4-5 asmenims 40 vnt."},"content":{"rendered":"","protected":false},"excerpt":{"rendered":"<p>8 vnt. Philadelphia Sesame (su la\u0161i\u0161a)<br \/>\n8 vnt. Sakata (su krevet\u0117mis)<br \/>\n8 vnt. Canadian (su unguriu)<br \/>\n4 vnt. Sake Tempura (su la\u0161i\u0161a)<br \/>\n4 vnt. Green Sake (su austri\u0173 pada\u017eu kepta la\u0161i\u0161a)<br \/>\n4 vnt. Tekka Maguro (su tunu)<br \/>\n4 vnt. Aka (su la\u0161i\u0161a ir krevet\u0117mis)<\/p>\n","protected":false},"featured_media":32323,"template":"","meta":{"inline_featured_image":false},"product_cat":[153,45,234],"product_tag":[],"class_list":{"0":"post-32322","1":"product","2":"type-product","3":"status-publish","4":"has-post-thumbnail","6":"product_cat-sv-kaledu-ir-n-metu-sventems","7":"product_cat-padeklai","8":"product_cat-rinkiniai-4-5-asmenims","10":"first","11":"instock","12":"taxable","13":"shipping-taxable","14":"purchasable","15":"product-type-simple"},"acf":[],"aioseo_notices":[],"_links":{"self":[{"href":"https:\/\/shakesnack.lt\/vilnius-antakalnio\/wp-json\/wp\/v2\/product\/32322"}],"collection":[{"href":"https:\/\/shakesnack.lt\/vilnius-antakalnio\/wp-json\/wp\/v2\/product"}],"about":[{"href":"https:\/\/shakesnack.lt\/vilnius-antakalnio\/wp-json\/wp\/v2\/types\/product"}],"wp:featuredmedia":[{"embeddable":true,"href":"https:\/\/shakesnack.lt\/vilnius-antakalnio\/wp-json\/wp\/v2\/media\/32323"}],"wp:attachment":[{"href":"https:\/\/shakesnack.lt\/vilnius-antakalnio\/wp-json\/wp\/v2\/media?parent=32322"}],"wp:term":[{"taxonomy":"product_cat","embeddable":true,"href":"https:\/\/shakesnack.lt\/vilnius-antakalnio\/wp-json\/wp\/v2\/product_cat?post=32322"},{"taxonomy":"product_tag","embeddable":true,"href":"https:\/\/shakesnack.lt\/vilnius-antakalnio\/wp-json\/wp\/v2\/product_tag?post=32322"}],"curies":[{"name":"wp","href":"https:\/\/api.w.org\/{rel}","templated":true}]}}