{"id":37424,"date":"2025-04-18T15:31:20","date_gmt":"2025-04-18T12:31:20","guid":{"rendered":"https:\/\/shakesnack.lt\/ukmerge-vytauto\/?post_type=product&#038;p=37424"},"modified":"2026-04-14T22:36:57","modified_gmt":"2026-04-14T19:36:57","slug":"n3-wok-su-baklazanais-saldziarugsciu-padazu-ir-ryziais","status":"publish","type":"product","link":"https:\/\/shakesnack.lt\/ukmerge-vytauto\/p\/n3-wok-su-baklazanais-saldziarugsciu-padazu-ir-ryziais\/","title":{"rendered":"N3. WOK SU BAKLA\u017dANAIS, sald\u017eiar\u016bg\u0161\u010diu pada\u017eu ir ry\u017eiais"},"content":{"rendered":"","protected":false},"excerpt":{"rendered":"<p>Su gruzdintais bakla\u017eanais, paprikomis, raudonaisiais svog\u016bnais, salier\u0173 stiebais, \u017eem\u0117s rie\u0161utais, \u010desnakais, aitriaisiais pipiriukais, svog\u016bn\u0173 \u017ealuma.<\/p>\n","protected":false},"featured_media":37419,"template":"","meta":{"inline_featured_image":false},"product_cat":[178,162],"product_tag":[],"class_list":{"0":"post-37424","1":"product","2":"type-product","3":"status-publish","4":"has-post-thumbnail","6":"product_cat-naujienos-ir-spec-pasiulymai","7":"product_cat-wok-azijietiski-makaronai","9":"first","10":"instock","11":"sale","12":"taxable","13":"shipping-taxable","14":"purchasable","15":"product-type-simple"},"acf":[],"aioseo_notices":[],"_links":{"self":[{"href":"https:\/\/shakesnack.lt\/ukmerge-vytauto\/wp-json\/wp\/v2\/product\/37424"}],"collection":[{"href":"https:\/\/shakesnack.lt\/ukmerge-vytauto\/wp-json\/wp\/v2\/product"}],"about":[{"href":"https:\/\/shakesnack.lt\/ukmerge-vytauto\/wp-json\/wp\/v2\/types\/product"}],"wp:featuredmedia":[{"embeddable":true,"href":"https:\/\/shakesnack.lt\/ukmerge-vytauto\/wp-json\/wp\/v2\/media\/37419"}],"wp:attachment":[{"href":"https:\/\/shakesnack.lt\/ukmerge-vytauto\/wp-json\/wp\/v2\/media?parent=37424"}],"wp:term":[{"taxonomy":"product_cat","embeddable":true,"href":"https:\/\/shakesnack.lt\/ukmerge-vytauto\/wp-json\/wp\/v2\/product_cat?post=37424"},{"taxonomy":"product_tag","embeddable":true,"href":"https:\/\/shakesnack.lt\/ukmerge-vytauto\/wp-json\/wp\/v2\/product_tag?post=37424"}],"curies":[{"name":"wp","href":"https:\/\/api.w.org\/{rel}","templated":true}]}}